iple of 2?
True
Is 33339488 a multiple of 1518?
False
Is 16337235 a multiple of 2?
False
Does 3232 divide 587315808?
True
Is 706874930 a multiple of 392?
False
Is 42794159 a multiple of 851?
False
Is 17 a factor of 20013998?
True
Is 103 a factor of 581614426?
True
Is 15545040 a multiple of 671?
False
Is 1405340835 a multiple of 18?
False
Is 48148394 a multiple of 54?
False
Is 4 a factor of 3206388?
True
Is 132284575 a multiple of 260?
False
Does 322 divide 246306494?
True
Is 87936978 a multiple of 38?
True
Is 3 a factor of 9706455?
True
Does 18 divide 115686954?
True
Does 26 divide 56969796?
True
Is 872235492 a multiple of 361?
False
Does 1866 divide 469147915?
False
Is 331725976 a multiple of 8?
True
Does 14 divide 6376453230?
True
Is 28 a factor of 13800789?
False
Is 265 a factor of 1753786725?
False
Is 199 a factor of 208310215?
True
Does 9 divide 97893405?
True
Does 4426 divide 263094718?
True
Does 424 divide 437144?
True
Is 191838683 a multiple of 68?
False
Is 58 a factor of 437030?
True
Is 19258566 a multiple of 1379?
False
Is 64 a factor of 143516432?
False
Is 45710084 a multiple of 1561?
False
Does 184 divide 179176392?
False
Does 7 divide 3920909916?
True
Is 69450697 a multiple of 503?
False
Is 347450746 a multiple of 422?
True
Does 659 divide 113101331?
False
Is 79 a factor of 1224366?
False
Is 1998454 a multiple of 1847?
True
Does 15 divide 128341592?
False
Does 212 divide 225594273?
False
Is 62889420 a multiple of 33?
True
Is 30 a factor of 1870851840?
True
Does 145 divide 36270133?
False
Is 89 a factor of 7947344?
True
Does 46 divide 301254?
True
Is 1601 a factor of 41786100?
True
Is 551303572 a multiple of 5702?
True
Is 3398 a factor of 31293231?
False
Is 4560 a factor of 115682640?
True
Is 64 a factor of 469883243?
False
Is 210 a factor of 225856470?
True
Is 5679 a factor of 130383894?
False
Is 1453 a factor of 192323439?
True
Is 5 a factor of 33250026?
False
Does 3181 divide 22986725?
False
Does 9 divide 7913065?
False
Is 45 a factor of 9457245?
True
Is 15 a factor of 50563320?
True
Is 145415670 a multiple of 464?
False
Is 58379800 a multiple of 40?
True
Is 58 a factor of 99782040?
True
Does 1763 divide 1625047463?
False
Does 9 divide 27880767?
True
Is 2 a factor of 94670597?
False
Does 1894 divide 354862165?
False
Does 1303 divide 59103170?
False
Is 7 a factor of 20596218?
False
Is 673858771 a multiple of 359?
False
Is 12 a factor of 21092839?
False
Is 454 a factor of 6072496976?
True
Does 147 divide 62486760?
True
Is 4673 a factor of 577217524?
False
Is 78 a factor of 194451114?
True
Is 21493923 a multiple of 11?
True
Is 523444516 a multiple of 28?
True
Is 264 a factor of 11576136?
True
Does 10 divide 56878?
False
Is 16 a factor of 136232236?
False
Does 10674 divide 2079403003?
False
Is 1284558059 a multiple of 1841?
False
Is 3 a factor of 58802871?
True
Is 203208154 a multiple of 466?
True
Is 279 a factor of 116834777?
False
Is 3012915 a multiple of 2?
False
Is 169 a factor of 24955047?
True
Is 1160292 a multiple of 28?
True
Does 1353 divide 226097124?
True
Does 965 divide 375788722?
False
Does 245 divide 41793080?
True
Is 11 a factor of 1877322821?
True
Is 109697196 a multiple of 12?
True
Does 4816 divide 2241905792?
True
Is 7 a factor of 28241419?
False
Does 3212 divide 575070056?
True
Is 310774110 a multiple of 102?
True
Is 580896481 a multiple of 2882?
False
Is 44937846 a multiple of 48?
False
Is 951750879 a multiple of 4623?
True
Is 102546929 a multiple of 1923?
False
Does 4 divide 4029750?
False
Is 113662658 a multiple of 99?
False
Is 107051727 a multiple of 843?
True
Is 247 a factor of 32475560?
True
Is 380 a factor of 419115300?
True
Is 82891281 a multiple of 686?
False
Does 46 divide 72811393?
False
Is 60208170 a multiple of 110?
True
Is 411144 a multiple of 100?
False
Is 1954691 a multiple of 159?
False
Is 2125576353 a multiple of 33?
False
Is 32019952 a multiple of 10?
False
Is 24 a factor of 25451339?
False
Is 446 a factor of 12506732?
True
Does 5 divide 3260126?
False
Does 194 divide 102814374?
True
Is 4225 a factor of 1548200550?
True
Is 2169204979 a multiple of 9?
False
Does 116 divide 2401821329?
False
Is 215001458 a multiple of 10?
False
Is 51 a factor of 986151254?
False
Is 58716890 a multiple of 10?
True
Is 36 a factor of 526145419?
False
Does 352 divide 40696832?
True
Is 30940048 a multiple of 688?
True
Is 1988 a factor of 163268476?
True
Is 9294 a factor of 1523546832?
True
Does 245 divide 235818699?
False
Does 61 divide 11349404?
False
Does 377 divide 1417614250?
True
Is 36035797 a multiple of 1032?
False
Is 66542058 a multiple of 9?
True
Does 272 divide 19443372?
False
Is 259248933 a multiple of 1320?
False
Is 1517 a factor of 738773582?
False
Is 12030839 a multiple of 1753?
True
Does 32 divide 54730812?
False
Is 113279357 a multiple of 1325?
False
Is 817990724 a multiple of 524?
True
Is 7770666 a multiple of 74?
True
Is 973883361 a multiple of 4?
False
Is 705 a factor of 8006685?
True
Does 242 divide 145668953?
False
Does 447 divide 91095024?
True
Does 1201 divide 76660536?
False
Does 50 divide 96572291?
False
Does 221 divide 4516028365?
False
Does 1942 divide 94731709?
False
Is 403 a factor of 4889196?
True
Does 5 divide 45756460?
True
Is 6 a factor of 2180742?
True
Is 56917665 a multiple of 83?
True
Is 311172848 a multiple of 1495?
False
Does 1579 divide 193763802?
False
Is 9 a factor of 28744033?
False
Is 15 a factor of 1166667?
False
Does 80 divide 57568800?
True
Does 246 divide 71887237?
False
Does 30 divide 1304791890?
True
Does 1647 divide 231957128?
False
Does 46 divide 30193481?
False
Is 51 a factor of 12395455?
False
Is 410276275 a multiple of 210?
False
Does 8 divide 2431000?
True
Is 11834910 a multiple of 95?
True
Does 19 divide 75248018?
True
Is 11 a factor of 551397?
True
Is 2756 a factor of 1807191880?
True
Is 1097143040 a multiple of 55?
False
Does 5131 divide 1088808462?
True
Is 981635798 a multiple of 8670?
False
Is 94 a factor of 171582712?
True
Is 13203750 a multiple of 1050?
True
Is 140 a factor of 101968440?
True
Is 263317537 a multiple of 280?
False
Is 195 a factor of 76649430?
True
Does 102 divide 18057190?
False
Is 93 a factor of 41551284?
True
Is 8637803 a multiple of 1451?
True
Is 7 a factor of 5856431?
True
Does 15 divide 177724680?
True
Does 17 divide 92898336?
True
Does 16 divide 1105960832?
True
Is 1470169261 a multiple of 6169?
False
Does 414 divide 57699180?
True
Is 4659138 a multiple of 18?
True
Is 4997218527 a multiple of 68?
False
Does 191 divide 2372845863?
False
Does 7920 divide 1618162270?
False
Does 135 divide 83396115?
True
Does 1301 divide 1879621051?
True
Is 722305782 a multiple of 22?
True
Is 19 a factor of 22241362?
True
Does 146 divide 10961680?
True
Is 249764124 a multiple of 43?
True
Does 33 divide 1207338?
True
Is 12176200 a multiple of 92?
True
Does 174 divide 494736021?
False
Is 201 a factor of 861687?
True
Is 412 a factor of 88420268?
False
Does 198 divide 193960206?
True
Does 408 divide 227198064?
True
Does 1785 divide 474156690?
True
Is 23 a factor of 44768695?
True
Is 1703 a factor of 156670891?
True
Is 22 a factor of 209882559?
False
Is 20 a factor of 437559159?
False
Is 1593136376 a multiple of 1612?
True
Does 54 divide 73900134?
True
Does 1038 divide 21859810?
False
Is 40 a factor of 7811240?
True
Is 1214491294 a multiple of 817?
False
Does 5 divide 3364920?
True
Does 9 divide 328900842?
True
Does 13 divide 69099472?
True
Does 9 divide 25332902?
False
Does 128 divide 17965740?
False
Is 119 a factor of 102325230?
False
Does 436 divide 34080075?
False
Is 5759271 a multiple of 3?
True
Does 28 divide 4835336554?
False
Is 67988742 a multiple of 1447?
True
Does 191 divide 106137363?
True
Is 188846704 a multiple of 2344?
True
Does 22 divide 1631054656?
True
Is 54 a factor of 43725852?
True
Is 229 a factor of 6923128?
True
Does 120 divide 17383680?
True
Is 4043 a factor of 528502694?
False
Is 7233700 a multiple of 975?
False
Is 57003536 a multiple of 58?
False
Is 538 a factor of 131531046?
False
Does 67 divide 341943244?
False
Is 14253030 a multiple of 45?
True
Is 574691568 a multiple of 364?
False
Is 1355492830 a multiple of 22?
False
Does 5869 divide 75969878?
False
Does 30 divide 7588068?
False
Does 4 divide 11710132?
True
Is 4637530008 a multi